29 is divided by 38.
17
Calculate the remainder when 2281286 is divided by 1140640.
6
What is the remainder when 72159 is divided by 23999?
162
Calculate the remainder when 1359143 is divided by 26.
19
What is the remainder when 573297 is divided by 5493?
2025
What is the remainder when 1148742 is divided by 5527?
4653
What is the remainder when 927191 is divided by 632?
47
What is the remainder when 13563581 is divided by 253?
251
Calculate the remainder when 167916 is divided by 1696.
12
What is the remainder when 54093 is divided by 155?
153
What is the remainder when 77659646 is divided by 176?
174
What is the remainder when 12694057 is divided by 3173506?
33
Calculate the remainder when 17893731 is divided by 24681.
6
What is the remainder when 289183 is divided by 1204?
223
What is the remainder when 306926 is divided by 82?
0
What is the remainder when 314575135 is divided by 138?
133
What is the remainder when 1439721168 is divided by 111?
108
What is the remainder when 1075112 is divided by 1410?
692
What is the remainder when 895913 is divided by 3780?
53
Calculate the remainder when 19434156 is divided by 171.
6
What is the remainder when 191712 is divided by 2912?
2432
Calculate the remainder when 2227477 is divided by 103.
102
Calculate the remainder when 787244 is divided by 292.
12
Calculate the remainder when 922851 is divided by 692.
415
Calculate the remainder when 135917 is divided by 103.
60
Calculate the remainder when 331261 is divided by 165543.
175
Calculate the remainder when 35714 is divided by 668.
310
What is the remainder when 7162003 is divided by 1227?
4
Calculate the remainder when 2757607 is divided by 284.
251
Calculate the remainder when 77705 is divided by 214.
23
Calculate the remainder when 3228603 is divided by 1076194.
21
What is the remainder when 394118 is divided by 599?
575
What is the remainder when 242902 is divided by 48570?
52
What is the remainder when 14333 is divided by 3525?
233
What is the remainder when 1124488 is divided by 3357?
3250
What is the remainder when 328710 is divided by 192?
6
Calculate the remainder when 26055 is divided by 4985.
1130
Calculate the remainder when 2226592 is divided by 10654.
10560
What is the remainder when 437601 is divided by 390?
21
What is the remainder when 12094546 is divided by 222?
208
What is the remainder when 2013055 is divided by 77424?
31
What is the remainder when 6041479 is divided by 9?
4
What is the remainder when 2020183 is divided by 936?
295
Calculate the remainder when 344544 is divided by 43022.
368
Calculate the remainder when 14150 is divided by 4442.
824
What is the remainder when 1107860 is divided by 553340?
1180
What is the remainder when 575259 is divided by 1386?
69
Calculate the remainder when 3154163 is divided by 1520.
163
Calculate the remainder when 60913 is divided by 5564.
5273
What is the remainder when 1998914 is divided by 399782?
4
What is the remainder when 117407 is divided by 570?
557
What is the remainder when 396549 is divided by 1396?
85
Calculate the remainder when 127923 is divided by 919.
182
Calculate the remainder when 10552 is divided by 1998.
562
Calculate the remainder when 164396 is divided by 18249.
155
What is the remainder when 475524 is divided by 320?
4
Calculate the remainder when 2820308 is divided by 67150.
8
What is the remainder when 2759976 is divided by 618?
606
Calculate the remainder when 3360731 is divided by 13.
10
Calculate the remainder when 221784 is divided by 27721.
16
Calculate the remainder when 255941586 is divided by 91604.
10
Calculate the remainder when 11959 is divided by 2781.
835
Calculate the remainder when 65672 is divided by 1391.
295
What is the remainder when 14351676 is divided by 64?
60
What is the remainder when 98818582 is divided by 1467?
1462
Calculate the remainder when 19851598 is divided by 1632.
1582
What is the remainder when 6899816 is divided by 2385?
11
What is the remainder when 737978 is divided by 737969?
9
Calculate the remainder when 18628 is divided by 3614.
558
Calculate the remainder when 162624 is divided by 39719.
3748
Calculate the remainder when 3160718 is divided by 1578.
1562
What is the remainder when 1253794 is divided by 274?
244
What is the remainder when 245320434 is divided by 2206?
2204
What is the remainder when 6427638 is divided by 17?
6
What is the remainder when 480322 is divided by 1133?
1063
What is the remainder when 297189 is divided by 84?
81
Calculate the remainder when 2661862 is divided by 532363.
47
What is the remainder when 405328 is divided by 88?
0
Calculate the remainder when 9988853 is divided by 2144.
2101
What is the remainder when 418445 is divided by 557?
138
What is the remainder when 155918747 is divided by 3250?
3247
Calculate the remainder when 28477411 is divided by 21157.
89
Calculate the remainder when 565500 is divided by 113098.
10
What is the remainder when 15847878 is divided by 7923871?
136
What is the remainder when 123810879 is divided by 606916?
15
Calculate the remainder when 1125703 is divided by 1615.
48
What is the remainder when 453153 is divided by 5343?
4341
Calculate the remainder when 32886 is divided by 10952.
30
What is the remainder when 265481 is divided by 132379?
723
What is the remainder when 21474027 is divided by 5108?
5103
Calculate the remainder when 3499357 is divided by 249954.
1
What is the remainder when 185742741 is divided by 726?
723
What is the remainder when 476062 is divided by 158407?
841
Calculate the remainder when 151690 is divided by 699.
7
Calculate the remainder when 58685690 is divided by 2483.
2468
What is the remainder when 39007257 is divided by 1273?
1264
What is the remainder when 76064101 is divided by 350?
1
Calculate the remainder when 2946013 is divided by 23381.
7
What is the remainder when 838788 is divided by 104837?
92
What is the remainder when 150586169 is divided by 75293080?
9
What is the remainder when 1720580 is divided by 3157?
15
Calculate the remainder when 268963 is divided by 104.
19
What is the remainder when 152112 is divided by 1690?
12
What is the remainder when 427932 is divided by 932?
144
What is the remainder when 4809 is divided by 1179?
93
Calculate the remainder when 27522 is divided by 6879.
6
What is the remainder when 92482899 is divided by 251997?
0
Calculate the remainder when 10243645 is divided by 200.
45
What is the remainder when 375698245 is divided by 76?
73
Calculate the remainder when 87426926 is divided by 11721.
11708
What is the remainder when 757237 is divided by 189301?
33
Calculate the remainder when 2000832 is divided by 200080.
32
What is the remainder when 207188 is divided by 103583?
22
What is the remainder when 21579 is divided by 4149?
834
What is the remainder when 10026939 is divided by 118?
7
Calculate the remainder when 533588 is divided by 246.
14
What is the remainder when 347732 is divided by 3820?
112
Calculate the remainder when 14221 is divided by 839.
797
Calculate the remainder when 2823983 is divided by 142.
29
Calculate the remainder when 31508047 is divided by 611.
610
Calculate the remainder when 6001 is divided by 2741.
519
Calculate the remainder when 1064386 is divided by 133033.
122
What is the remainder when 511667 is divided by 170283?
818
What is the remainder when 51343122 is divided by 2567156?
2
Calculate the remainder when 28225 is divided by 387.
361
What is the remainder when 101171633 is divided by 33723874?
11
What is the remainder when 114592526 is divided by 441?
440
What is the remainder when 2881919 is divided by 56508?
11
Calculate the remainder when 9928948 is divided by 748.
744
What is the remainder when 421910 is divided by 1867?
1835
What is the remainder when 151356849 is divided by 50?
49
Calculate the remainder when 84089 is divided by 83850.
239
What is the remainder when 9064690 is divided by 3974?
3970
What is the remainder when 591486 is divided by 2599?
1513
Calculate the remainder when 652332 is divided by 373.
328
Calculate the remainder when 2008226 is divided by 3517.
19
Calculate the remainder when 3566171 is divided by 297180.
11
Calculate the remainder when 25808 is divided by 6114.
1352
What is the remainder when 721630 is divided by 721630